{"id":2018,"date":"2021-08-23T09:31:20","date_gmt":"2021-08-23T07:31:20","guid":{"rendered":"https:\/\/alpinfo.flake.work\/portrait\/historischer-rueckblick\/sfar-forschung\/lawinenforschung\/"},"modified":"2021-09-30T10:02:24","modified_gmt":"2021-09-30T08:02:24","slug":"avalanche","status":"publish","type":"page","link":"https:\/\/alpinfo.ch\/en\/portrait\/historical-notes\/sfar-research\/avalanche\/","title":{"rendered":"Avalanche"},"content":{"rendered":"<h2>Avalanche<\/h2>\n<p>Die Schweizerische Stiftung f\u00fcr Alpine Forschung pflegte jahrzehntelang den Kontakt mit dem interdisziplin\u00e4ren Institut f\u00fcr Schnee- und Lawinenforschung SLF in Davos. Dabei unterst\u00fctzte die SSAF unter anderem die Publikation des Beurteilungs- und Entscheidungsrahmen 3&#215;3 und die Reduktionsmethode des Lawinenforschers Werne Munter.<\/p>\n","protected":false},"excerpt":{"rendered":"<p>Avalanche Die Schweizerische Stiftung f\u00fcr Alpine Forschung pflegte jahrzehntelang den Kontakt mit dem interdisziplin\u00e4ren Institut f\u00fcr Schnee- und Lawinenforschung SLF in Davos. Dabei unterst\u00fctzte die SSAF unter anderem die Publikation des Beurteilungs- und Entscheidungsrahmen 3&#215;3 und die Reduktionsmethode des Lawinenforschers Werne Munter.<\/p>\n","protected":false},"author":1,"featured_media":0,"parent":1998,"menu_order":7,"comment_status":"closed","ping_status":"closed","template":"template-expedition.php","meta":{"_acf_changed":false,"inline_featured_image":false,"footnotes":"","_links_to":"","_links_to_target":""},"class_list":["post-2018","page","type-page","status-publish","hentry"],"acf":[],"_links":{"self":[{"href":"https:\/\/alpinfo.ch\/en\/wp-json\/wp\/v2\/pages\/2018","targetHints":{"allow":["GET"]}}],"collection":[{"href":"https:\/\/alpinfo.ch\/en\/wp-json\/wp\/v2\/pages"}],"about":[{"href":"https:\/\/alpinfo.ch\/en\/wp-json\/wp\/v2\/types\/page"}],"author":[{"embeddable":true,"href":"https:\/\/alpinfo.ch\/en\/wp-json\/wp\/v2\/users\/1"}],"replies":[{"embeddable":true,"href":"https:\/\/alpinfo.ch\/en\/wp-json\/wp\/v2\/comments?post=2018"}],"version-history":[{"count":5,"href":"https:\/\/alpinfo.ch\/en\/wp-json\/wp\/v2\/pages\/2018\/revisions"}],"predecessor-version":[{"id":3105,"href":"https:\/\/alpinfo.ch\/en\/wp-json\/wp\/v2\/pages\/2018\/revisions\/3105"}],"up":[{"embeddable":true,"href":"https:\/\/alpinfo.ch\/en\/wp-json\/wp\/v2\/pages\/1998"}],"wp:attachment":[{"href":"https:\/\/alpinfo.ch\/en\/wp-json\/wp\/v2\/media?parent=2018"}],"curies":[{"name":"wp","href":"https:\/\/api.w.org\/{rel}","templated":true}]}}

<h2>Avalanche</h2>
<p>Die Schweizerische Stiftung für Alpine Forschung pflegte jahrzehntelang den Kontakt mit dem interdisziplinären Institut für Schnee- und Lawinenforschung SLF in Davos. Dabei unterstützte die SSAF unter anderem die Publikation des Beurteilungs- und Entscheidungsrahmen 3&#215;3 und die Reduktionsmethode des Lawinenforschers Werne Munter.</p>

<p>Avalanche Die Schweizerische Stiftung für Alpine Forschung pflegte jahrzehntelang den Kontakt mit dem interdisziplinären Institut für Schnee- und Lawinenforschung SLF in Davos. Dabei unterstützte die SSAF unter anderem die Publikation des Beurteilungs- und Entscheidungsrahmen 3&#215;3 und die Reduktionsmethode des Lawinenforschers Werne Munter.</p>
