{"id":2047,"date":"2021-08-27T15:47:00","date_gmt":"2021-08-27T13:47:00","guid":{"rendered":"https:\/\/alpinfo.flake.work\/prix-pro-montes-2021\/"},"modified":"2021-12-16T11:24:31","modified_gmt":"2021-12-16T10:24:31","slug":"prix-pro-montes-2021","status":"publish","type":"page","link":"https:\/\/alpinfo.ch\/en\/research\/current-projects\/projects\/prix-pro-montes-2021\/","title":{"rendered":"PrixProMontes 2021"},"content":{"rendered":"<h2>PrixProMontes 2021<\/h2>\n<h3><strong>Le PrixProMontes 2021 pour l&#8217;avenir du paysage culturel alpin est attribu\u00e9 \u00e0 l&#8217;historien Romed Aschwanden<\/strong><\/h3>\n<p><img loading=\"lazy\" decoding=\"async\" class=\"alignnone wp-image-3399\" src=\"https:\/\/alpinfo.ch\/wp-content\/uploads\/2021\/12\/Pokal-PMP2021-A-Foto-Beyeler-Fr-Weibel-200x300.jpg\" alt=\"\" width=\"250\" height=\"375\" srcset=\"https:\/\/alpinfo.ch\/wp-content\/uploads\/2021\/12\/Pokal-PMP2021-A-Foto-Beyeler-Fr-Weibel-200x300.jpg 200w, https:\/\/alpinfo.ch\/wp-content\/uploads\/2021\/12\/Pokal-PMP2021-A-Foto-Beyeler-Fr-Weibel-683x1024.jpg 683w, https:\/\/alpinfo.ch\/wp-content\/uploads\/2021\/12\/Pokal-PMP2021-A-Foto-Beyeler-Fr-Weibel-768x1152.jpg 768w, https:\/\/alpinfo.ch\/wp-content\/uploads\/2021\/12\/Pokal-PMP2021-A-Foto-Beyeler-Fr-Weibel-1024x1536.jpg 1024w, https:\/\/alpinfo.ch\/wp-content\/uploads\/2021\/12\/Pokal-PMP2021-A-Foto-Beyeler-Fr-Weibel-1365x2048.jpg 1365w, https:\/\/alpinfo.ch\/wp-content\/uploads\/2021\/12\/Pokal-PMP2021-A-Foto-Beyeler-Fr-Weibel-scaled.jpg 1707w\" sizes=\"auto, (max-width: 250px) 100vw, 250px\" \/><\/p>\n<p>&nbsp;<\/p>\n<p><strong>Le Prix ProMontes de la Fondation Suisse pour Recherches Alpines, FSRA, a \u00e9t\u00e9 d\u00e9cern\u00e9 samedi dernier, 11.12.2021, \u00e0 l&#8217;occasion du symposium &#8220;Avenir du paysage culturel alpin&#8221;, en collaboration avec le Forum Paysage, Alpes, Parcs de l&#8217;Acad\u00e9mie des sciences naturelles, lors de la Journ\u00e9e de la montagne au Mus\u00e9e alpin suisse \u00e0 Berne.<\/strong><\/p>\n<p><strong>Le laur\u00e9at est Romed Aschwanden, doctorant au D\u00e9partement d&#8217;histoire de l&#8217;Universit\u00e9 de B\u00e2le, sous la direction du professeur Martin Lengwiler.<\/strong><\/p>\n<p>Dans sa th\u00e8se de doctorat intitul\u00e9e &#8220;Politisation des Alpes; mouvements environnementaux \u00e0 l&#8217;\u00e8re de l&#8217;int\u00e9gration europ\u00e9enne (1970-2000)&#8221;, et plus particuli\u00e8rement dans son expos\u00e9 intitul\u00e9 &#8220;Entre pr\u00e9servation et utilisation ; la protection de l&#8217;environnement dans les Alpes aux 20e et 21e si\u00e8cles&#8221;, l&#8217;historien Romed Aschwanden a pr\u00e9sent\u00e9, \u00e0 l&#8217;occasion du concours du Prix ProMontes, trois phases du rapport de la soci\u00e9t\u00e9 avec les Alpes.<\/p>\n<p>De 1900 \u00e0 1970, c&#8217;est l&#8217;id\u00e9e de protection qui a domin\u00e9, la nature \u00e9tant per\u00e7ue comme oppos\u00e9e \u00e0 la culture. Ce mouvement a \u00e9t\u00e9 marqu\u00e9 par la bourgeoisie urbaine cultiv\u00e9e et a culmin\u00e9 avec la cr\u00e9ation du parc national. Mais en m\u00eame temps, M. Aschwanden rappelle aussi la vision de l&#8217;intervention humaine de l&#8217;\u00e9poque, qui reconnaissait \u00e0 un barrage du Grimsel un potentiel de participation au paysage. Et rappelle \u00e9galement que des notions telles que le paysage culturel, la biodiversit\u00e9 et la positivit\u00e9 climatique n&#8217;\u00e9taient pas encore ancr\u00e9es dans le vocabulaire de la soci\u00e9t\u00e9.<\/p>\n<p>La 2e phase, de 1970 \u00e0 1990, a vu le tournant \u00e9cologique et aussi le passage de la bourgeoisie cultiv\u00e9e aux protagonistes directement concern\u00e9s dans l&#8217;espace alpin, dont l&#8217;Initiative des Alpes a certes \u00e9t\u00e9 couronn\u00e9e de succ\u00e8s en 1994, mais &#8211; il faut bien le dire &#8211; n&#8217;a pu \u00eatre mise en \u0153uvre que partiellement jusqu&#8217;\u00e0 pr\u00e9sent.<\/p>\n<p>La 3e phase, \u00e0 partir de 1990, est selon Aschwanden la phase de l&#8217;\u00e9volution vers une protection int\u00e9grale, vers une symbiose entre l&#8217;homme et la nature. C&#8217;est aussi la phase de mise en r\u00e9seau, marqu\u00e9e par la Commission internationale pour la protection des Alpes (CIPRA).<\/p>\n<p>En conclusion, Romed Aschwanden a appel\u00e9 \u00e0 ne pas qualifier les Alpes de zone de crise, mais de zone de coexistence n\u00e9cessaire entre la nature et l&#8217;homme et &#8211; notons-le &#8211; de zone d&#8217;engagement commun des sciences humaines et naturelles.<\/p>\n<p>Le prix ProMontes, d&#8217;une valeur de 3 000 francs, r\u00e9compense cette recherche de la rel\u00e8ve en tant que contribution importante \u00e0 la sauvegarde de l&#8217;avenir du paysage culturel alpin.<\/p>\n<p>&nbsp;<\/p>\n<hr \/>\n<p><strong>Contexte :<\/strong><br \/>\nLa Fondation Suisse pour Recherches Alpines se sent oblig\u00e9e d&#8217;encourager sp\u00e9cialement la recherche pour assurer l&#8217;avenir des paysages culturels cr\u00e9\u00e9s par l&#8217;homme dans les r\u00e9gions de montagne, car ceux-ci, contrairement aux paysages naturels de for\u00eats et de marais, sont trop peu pris en compte par les efforts \u00e9tablis de protection de la nature.<\/p>\n<p>Le 20e si\u00e8cle a \u00e9galement entra\u00een\u00e9 des bouleversements rapides dans l&#8217;espace alpin. Certes, la for\u00eat de montagne a pu se remettre en grande partie de la surexploitation du XIXe si\u00e8cle et les pelouses de l&#8217;\u00e9tage alpin ont \u00e9galement b\u00e9n\u00e9fici\u00e9 de mesures de protection de la nature. Mais d&#8217;un autre c\u00f4t\u00e9, le paysage rural traditionnel souffre encore aujourd&#8217;hui des tendances de d\u00e9veloppement les plus diverses des derni\u00e8res d\u00e9cennies. Le d\u00e9veloppement du tourisme et des transports a ouvert des perspectives de revenus pour la population de montagne, rendant l&#8217;entretien du paysage n\u00e9gligeable.<\/p>\n<p>La plus grande menace qui p\u00e8se sur le paysage rural alpin et sur le tiers de la biodiversit\u00e9 alpine qui en d\u00e9pend provient de l&#8217;existence ou de l&#8217;absence de l&#8217;agriculture elle-m\u00eame. D&#8217;une part, l&#8217;intensification de l&#8217;agriculture sur les sites rentables entra\u00eene un recul des esp\u00e8ces. D&#8217;autre part, l\u00e0 o\u00f9 le manque d&#8217;emplois et de services publics pousse \u00e0 l&#8217;exode, l&#8217;abandon de l&#8217;exploitation entra\u00eene \u00e9galement un recul de la biodiversit\u00e9 en raison de la concurrence de la for\u00eat.<br \/>\nAssurer l&#8217;avenir du paysage culturel alpin exige toute une s\u00e9rie de mesures, allant d&#8217;engagements priv\u00e9s innovants \u00e0 la pr\u00e9paration de la l\u00e9gislation. La Fondation Suisse pour Recherches Alpines esp\u00e8re pouvoir compl\u00e9ter ce faisceau de mesures par de nouvelles connaissances issues de la recherche de la rel\u00e8ve.<\/p>\n<p style=\"text-align: center;\">Tout \u00e0 fait dans l&#8217;esprit de l&#8217;objectif du prix ProMontes :<br \/>\nBiodiversit\u00e9 alpine plut\u00f4t que friche alpine!<\/p>\n","protected":false},"excerpt":{"rendered":"<p>PrixProMontes 2021 Le PrixProMontes 2021 pour l&#8217;avenir du paysage culturel alpin est attribu\u00e9 \u00e0 l&#8217;historien Romed Aschwanden &nbsp; Le Prix ProMontes de la Fondation Suisse pour Recherches Alpines, FSRA, a \u00e9t\u00e9 d\u00e9cern\u00e9 samedi dernier, 11.12.2021, \u00e0 l&#8217;occasion du symposium &#8220;Avenir du paysage culturel alpin&#8221;, en collaboration avec le Forum Paysage, Alpes, Parcs de l&#8217;Acad\u00e9mie des [&hellip;]<\/p>\n","protected":false},"author":1,"featured_media":0,"parent":2099,"menu_order":2,"comment_status":"closed","ping_status":"closed","template":"template-expedition.php","meta":{"_acf_changed":false,"inline_featured_image":false,"footnotes":"","_links_to":"","_links_to_target":""},"class_list":["post-2047","page","type-page","status-publish","hentry"],"acf":[],"_links":{"self":[{"href":"https:\/\/alpinfo.ch\/en\/wp-json\/wp\/v2\/pages\/2047","targetHints":{"allow":["GET"]}}],"collection":[{"href":"https:\/\/alpinfo.ch\/en\/wp-json\/wp\/v2\/pages"}],"about":[{"href":"https:\/\/alpinfo.ch\/en\/wp-json\/wp\/v2\/types\/page"}],"author":[{"embeddable":true,"href":"https:\/\/alpinfo.ch\/en\/wp-json\/wp\/v2\/users\/1"}],"replies":[{"embeddable":true,"href":"https:\/\/alpinfo.ch\/en\/wp-json\/wp\/v2\/comments?post=2047"}],"version-history":[{"count":10,"href":"https:\/\/alpinfo.ch\/en\/wp-json\/wp\/v2\/pages\/2047\/revisions"}],"predecessor-version":[{"id":3443,"href":"https:\/\/alpinfo.ch\/en\/wp-json\/wp\/v2\/pages\/2047\/revisions\/3443"}],"up":[{"embeddable":true,"href":"https:\/\/alpinfo.ch\/en\/wp-json\/wp\/v2\/pages\/2099"}],"wp:attachment":[{"href":"https:\/\/alpinfo.ch\/en\/wp-json\/wp\/v2\/media?parent=2047"}],"curies":[{"name":"wp","href":"https:\/\/api.w.org\/{rel}","templated":true}]}}

<h2>PrixProMontes 2021</h2>
<h3><strong>Le PrixProMontes 2021 pour l&#8217;avenir du paysage culturel alpin est attribué à l&#8217;historien Romed Aschwanden</strong></h3>
<p><img loading="lazy" decoding="async" class="alignnone wp-image-3399" src="https://alpinfo.ch/wp-content/uploads/2021/12/Pokal-PMP2021-A-Foto-Beyeler-Fr-Weibel-200x300.jpg" alt="" width="250" height="375" srcset="https://alpinfo.ch/wp-content/uploads/2021/12/Pokal-PMP2021-A-Foto-Beyeler-Fr-Weibel-200x300.jpg 200w, https://alpinfo.ch/wp-content/uploads/2021/12/Pokal-PMP2021-A-Foto-Beyeler-Fr-Weibel-683x1024.jpg 683w, https://alpinfo.ch/wp-content/uploads/2021/12/Pokal-PMP2021-A-Foto-Beyeler-Fr-Weibel-768x1152.jpg 768w, https://alpinfo.ch/wp-content/uploads/2021/12/Pokal-PMP2021-A-Foto-Beyeler-Fr-Weibel-1024x1536.jpg 1024w, https://alpinfo.ch/wp-content/uploads/2021/12/Pokal-PMP2021-A-Foto-Beyeler-Fr-Weibel-1365x2048.jpg 1365w, https://alpinfo.ch/wp-content/uploads/2021/12/Pokal-PMP2021-A-Foto-Beyeler-Fr-Weibel-scaled.jpg 1707w" sizes="auto, (max-width: 250px) 100vw, 250px" /></p>
<p>&nbsp;</p>
<p><strong>Le Prix ProMontes de la Fondation Suisse pour Recherches Alpines, FSRA, a été décerné samedi dernier, 11.12.2021, à l&#8217;occasion du symposium &#8220;Avenir du paysage culturel alpin&#8221;, en collaboration avec le Forum Paysage, Alpes, Parcs de l&#8217;Académie des sciences naturelles, lors de la Journée de la montagne au Musée alpin suisse à Berne.</strong></p>
<p><strong>Le lauréat est Romed Aschwanden, doctorant au Département d&#8217;histoire de l&#8217;Université de Bâle, sous la direction du professeur Martin Lengwiler.</strong></p>
<p>Dans sa thèse de doctorat intitulée &#8220;Politisation des Alpes; mouvements environnementaux à l&#8217;ère de l&#8217;intégration européenne (1970-2000)&#8221;, et plus particulièrement dans son exposé intitulé &#8220;Entre préservation et utilisation ; la protection de l&#8217;environnement dans les Alpes aux 20e et 21e siècles&#8221;, l&#8217;historien Romed Aschwanden a présenté, à l&#8217;occasion du concours du Prix ProMontes, trois phases du rapport de la société avec les Alpes.</p>
<p>De 1900 à 1970, c&#8217;est l&#8217;idée de protection qui a dominé, la nature étant perçue comme opposée à la culture. Ce mouvement a été marqué par la bourgeoisie urbaine cultivée et a culminé avec la création du parc national. Mais en même temps, M. Aschwanden rappelle aussi la vision de l&#8217;intervention humaine de l&#8217;époque, qui reconnaissait à un barrage du Grimsel un potentiel de participation au paysage. Et rappelle également que des notions telles que le paysage culturel, la biodiversité et la positivité climatique n&#8217;étaient pas encore ancrées dans le vocabulaire de la société.</p>
<p>La 2e phase, de 1970 à 1990, a vu le tournant écologique et aussi le passage de la bourgeoisie cultivée aux protagonistes directement concernés dans l&#8217;espace alpin, dont l&#8217;Initiative des Alpes a certes été couronnée de succès en 1994, mais &#8211; il faut bien le dire &#8211; n&#8217;a pu être mise en œuvre que partiellement jusqu&#8217;à présent.</p>
<p>La 3e phase, à partir de 1990, est selon Aschwanden la phase de l&#8217;évolution vers une protection intégrale, vers une symbiose entre l&#8217;homme et la nature. C&#8217;est aussi la phase de mise en réseau, marquée par la Commission internationale pour la protection des Alpes (CIPRA).</p>
<p>En conclusion, Romed Aschwanden a appelé à ne pas qualifier les Alpes de zone de crise, mais de zone de coexistence nécessaire entre la nature et l&#8217;homme et &#8211; notons-le &#8211; de zone d&#8217;engagement commun des sciences humaines et naturelles.</p>
<p>Le prix ProMontes, d&#8217;une valeur de 3 000 francs, récompense cette recherche de la relève en tant que contribution importante à la sauvegarde de l&#8217;avenir du paysage culturel alpin.</p>
<p>&nbsp;</p>
<hr />
<p><strong>Contexte :</strong><br />
La Fondation Suisse pour Recherches Alpines se sent obligée d&#8217;encourager spécialement la recherche pour assurer l&#8217;avenir des paysages culturels créés par l&#8217;homme dans les régions de montagne, car ceux-ci, contrairement aux paysages naturels de forêts et de marais, sont trop peu pris en compte par les efforts établis de protection de la nature.</p>
<p>Le 20e siècle a également entraîné des bouleversements rapides dans l&#8217;espace alpin. Certes, la forêt de montagne a pu se remettre en grande partie de la surexploitation du XIXe siècle et les pelouses de l&#8217;étage alpin ont également bénéficié de mesures de protection de la nature. Mais d&#8217;un autre côté, le paysage rural traditionnel souffre encore aujourd&#8217;hui des tendances de développement les plus diverses des dernières décennies. Le développement du tourisme et des transports a ouvert des perspectives de revenus pour la population de montagne, rendant l&#8217;entretien du paysage négligeable.</p>
<p>La plus grande menace qui pèse sur le paysage rural alpin et sur le tiers de la biodiversité alpine qui en dépend provient de l&#8217;existence ou de l&#8217;absence de l&#8217;agriculture elle-même. D&#8217;une part, l&#8217;intensification de l&#8217;agriculture sur les sites rentables entraîne un recul des espèces. D&#8217;autre part, là où le manque d&#8217;emplois et de services publics pousse à l&#8217;exode, l&#8217;abandon de l&#8217;exploitation entraîne également un recul de la biodiversité en raison de la concurrence de la forêt.<br />
Assurer l&#8217;avenir du paysage culturel alpin exige toute une série de mesures, allant d&#8217;engagements privés innovants à la préparation de la législation. La Fondation Suisse pour Recherches Alpines espère pouvoir compléter ce faisceau de mesures par de nouvelles connaissances issues de la recherche de la relève.</p>
<p style="text-align: center;">Tout à fait dans l&#8217;esprit de l&#8217;objectif du prix ProMontes :<br />
Biodiversité alpine plutôt que friche alpine!</p>

<p>PrixProMontes 2021 Le PrixProMontes 2021 pour l&#8217;avenir du paysage culturel alpin est attribué à l&#8217;historien Romed Aschwanden &nbsp; Le Prix ProMontes de la Fondation Suisse pour Recherches Alpines, FSRA, a été décerné samedi dernier, 11.12.2021, à l&#8217;occasion du symposium &#8220;Avenir du paysage culturel alpin&#8221;, en collaboration avec le Forum Paysage, Alpes, Parcs de l&#8217;Académie des [&hellip;]</p>
