{"id":2071,"date":"2021-08-20T17:15:54","date_gmt":"2021-08-20T15:15:54","guid":{"rendered":"https:\/\/alpinfo.flake.work\/forschung\/aktuelle-projekte\/realisationen-seit-2000\/geschichte-der-gebirgsmedizin-dissertation\/"},"modified":"2021-09-24T15:42:25","modified_gmt":"2021-09-24T13:42:25","slug":"geschichte-der-gebirgsmedizin-dissertation","status":"publish","type":"page","link":"https:\/\/alpinfo.ch\/en\/research\/current-projects\/realisationen-seit-2000\/geschichte-der-gebirgsmedizin-dissertation\/","title":{"rendered":"Geschichte der Gebirgsmedizin &#8211; Dissertation"},"content":{"rendered":"<h2>Geschichte der Gebirgsmedizin Dissertation Elisabeth Simons<\/h2>\n<p>&nbsp;<\/p>\n<p><img loading=\"lazy\" decoding=\"async\" class=\"alignnone size-medium wp-image-1564\" src=\"https:\/\/alpinfo.ch\/wp-content\/uploads\/2021\/08\/kopfwehberge-geschichte-hoehen-704a4947f5_geschichte-der-gebirgsmedizin-215x300.jpg\" alt=\"\" width=\"215\" height=\"300\" srcset=\"https:\/\/alpinfo.ch\/wp-content\/uploads\/2021\/08\/kopfwehberge-geschichte-hoehen-704a4947f5_geschichte-der-gebirgsmedizin-215x300.jpg 215w, https:\/\/alpinfo.ch\/wp-content\/uploads\/2021\/08\/kopfwehberge-geschichte-hoehen-704a4947f5_geschichte-der-gebirgsmedizin.jpg 501w\" sizes=\"auto, (max-width: 215px) 100vw, 215px\" \/><\/p>\n<p>&nbsp;<\/p>\n<div id=\"col2\">\n<div id=\"mainContent\" class=\"content\">\n<div id=\"c342\" class=\"contentElement contentElementtextpic contentElementVersion0 contentElementtextpicVersion0 contentElementFirst contentElementFirstVersion0 contentElementtext marginTop15 marginBottomNone\">\n<div class=\"csc-textpic csc-textpic-center csc-textpic-above csc-textpic-equalheight\">\n<div class=\"csc-textpic-text\">\n<p class=\"align-left\" align=\"justify\">Die Unterst\u00fctzung dieser Forschungsarbeit kam auf Antrag von Stiftungsrat Prof. Dr. med. Oswald Oelz zustande. Die umfassende Darstellung der Geschichte der H\u00f6henmedizin von der ersten Beschreibung des H\u00f6henlungen\u00f6dems anno 1892 am Mont Blanc bis zu den heutigen Forschungsarbeiten auf der Capanna Margeritha wurde nach dreij\u00e4hriger Arbeit von E. Simons erfolgreich beendet. Das Buch ist im 1. Quartal 2001 im AS-Verlag erschienen. Die Druckkosten wurden von der SSAF und vor allem von O. Oelz getragen.<\/p>\n<\/div>\n<\/div>\n<\/div>\n<\/div>\n<\/div>\n","protected":false},"excerpt":{"rendered":"<p>Geschichte der Gebirgsmedizin Dissertation Elisabeth Simons &nbsp; &nbsp; Die Unterst\u00fctzung dieser Forschungsarbeit kam auf Antrag von Stiftungsrat Prof. Dr. med. Oswald Oelz zustande. Die umfassende Darstellung der Geschichte der H\u00f6henmedizin von der ersten Beschreibung des H\u00f6henlungen\u00f6dems anno 1892 am Mont Blanc bis zu den heutigen Forschungsarbeiten auf der Capanna Margeritha wurde nach dreij\u00e4hriger Arbeit von [&hellip;]<\/p>\n","protected":false},"author":1,"featured_media":0,"parent":2060,"menu_order":2,"comment_status":"closed","ping_status":"closed","template":"template-expedition.php","meta":{"_acf_changed":false,"inline_featured_image":false,"footnotes":"","_links_to":"","_links_to_target":""},"class_list":["post-2071","page","type-page","status-publish","hentry"],"acf":[],"_links":{"self":[{"href":"https:\/\/alpinfo.ch\/en\/wp-json\/wp\/v2\/pages\/2071","targetHints":{"allow":["GET"]}}],"collection":[{"href":"https:\/\/alpinfo.ch\/en\/wp-json\/wp\/v2\/pages"}],"about":[{"href":"https:\/\/alpinfo.ch\/en\/wp-json\/wp\/v2\/types\/page"}],"author":[{"embeddable":true,"href":"https:\/\/alpinfo.ch\/en\/wp-json\/wp\/v2\/users\/1"}],"replies":[{"embeddable":true,"href":"https:\/\/alpinfo.ch\/en\/wp-json\/wp\/v2\/comments?post=2071"}],"version-history":[{"count":3,"href":"https:\/\/alpinfo.ch\/en\/wp-json\/wp\/v2\/pages\/2071\/revisions"}],"predecessor-version":[{"id":2724,"href":"https:\/\/alpinfo.ch\/en\/wp-json\/wp\/v2\/pages\/2071\/revisions\/2724"}],"up":[{"embeddable":true,"href":"https:\/\/alpinfo.ch\/en\/wp-json\/wp\/v2\/pages\/2060"}],"wp:attachment":[{"href":"https:\/\/alpinfo.ch\/en\/wp-json\/wp\/v2\/media?parent=2071"}],"curies":[{"name":"wp","href":"https:\/\/api.w.org\/{rel}","templated":true}]}}

<h2>Geschichte der Gebirgsmedizin Dissertation Elisabeth Simons</h2>
<p>&nbsp;</p>
<p><img loading="lazy" decoding="async" class="alignnone size-medium wp-image-1564" src="https://alpinfo.ch/wp-content/uploads/2021/08/kopfwehberge-geschichte-hoehen-704a4947f5_geschichte-der-gebirgsmedizin-215x300.jpg" alt="" width="215" height="300" srcset="https://alpinfo.ch/wp-content/uploads/2021/08/kopfwehberge-geschichte-hoehen-704a4947f5_geschichte-der-gebirgsmedizin-215x300.jpg 215w, https://alpinfo.ch/wp-content/uploads/2021/08/kopfwehberge-geschichte-hoehen-704a4947f5_geschichte-der-gebirgsmedizin.jpg 501w" sizes="auto, (max-width: 215px) 100vw, 215px" /></p>
<p>&nbsp;</p>
<div id="col2">
<div id="mainContent" class="content">
<div id="c342" class="contentElement contentElementtextpic contentElementVersion0 contentElementtextpicVersion0 contentElementFirst contentElementFirstVersion0 contentElementtext marginTop15 marginBottomNone">
<div class="csc-textpic csc-textpic-center csc-textpic-above csc-textpic-equalheight">
<div class="csc-textpic-text">
<p class="align-left" align="justify">Die Unterstützung dieser Forschungsarbeit kam auf Antrag von Stiftungsrat Prof. Dr. med. Oswald Oelz zustande. Die umfassende Darstellung der Geschichte der Höhenmedizin von der ersten Beschreibung des Höhenlungenödems anno 1892 am Mont Blanc bis zu den heutigen Forschungsarbeiten auf der Capanna Margeritha wurde nach dreijähriger Arbeit von E. Simons erfolgreich beendet. Das Buch ist im 1. Quartal 2001 im AS-Verlag erschienen. Die Druckkosten wurden von der SSAF und vor allem von O. Oelz getragen.</p>
</div>
</div>
</div>
</div>
</div>

<p>Geschichte der Gebirgsmedizin Dissertation Elisabeth Simons &nbsp; &nbsp; Die Unterstützung dieser Forschungsarbeit kam auf Antrag von Stiftungsrat Prof. Dr. med. Oswald Oelz zustande. Die umfassende Darstellung der Geschichte der Höhenmedizin von der ersten Beschreibung des Höhenlungenödems anno 1892 am Mont Blanc bis zu den heutigen Forschungsarbeiten auf der Capanna Margeritha wurde nach dreijähriger Arbeit von [&hellip;]</p>
