{"id":2090,"date":"2021-08-23T09:55:39","date_gmt":"2021-08-23T07:55:39","guid":{"rendered":"https:\/\/alpinfo.flake.work\/forschung\/aktuelle-projekte\/realisationen-seit-2000\/dvd-buch-projekt-baffin-island-expedition-1953\/"},"modified":"2021-09-24T15:44:08","modified_gmt":"2021-09-24T13:44:08","slug":"dvd-buch-projekt-baffin-island-expedition-1953","status":"publish","type":"page","link":"https:\/\/alpinfo.ch\/en\/research\/current-projects\/realisationen-seit-2000\/dvd-buch-projekt-baffin-island-expedition-1953\/","title":{"rendered":"&#8221;Baffin Island Expedition 1953&#8221;"},"content":{"rendered":"<h2>DVD- &amp; Buch-Projekt Baffin Island Expedition 1953<\/h2>\n<h3>Projekt Film Baffin Island<\/h3>\n<p>Die SSAF hatte 1953 die Teilnahme der vier Schweizer Hans R\u00f6thlisberger, J\u00fcrg Marmet, Hans Weber und Fritz Hans Schwarzenbach an der vom Arctic Institute of North America (AINA) organisierten \u201eSecond Baffin Island Expedition 1953\u201c erm\u00f6glicht.<\/p>\n<p>Insbesondere wurde w\u00e4hrend dieser Expedition von Hans Weber ein 16mm-Film gedreht \u2013 einer der ersten farbigen Dokumentarfilme weltweit (die Originalrollen sind Eigentum der SSAF).<\/p>\n<p>Dieser Film war sp\u00e4ter in Kanada digitalisiert und 2003 eine DVD davon den Expeditionsteilnehmern als Geschenk \u00fcberlassen worden. Im Lauf des Jahres 2007 konnte dank der \u00dcbernahme der Produktionskosten durch Alt-Stiftungsratsmitglied Fritz Hans Schwarzenbach der Film mit Hilfe des Filmgestalters Marcello Weiss (Zug) neu gestaltet und mit Kommentaren der vier Schweizer Teilnehmer erg\u00e4nzt und so auf einen modernen und f\u00fcr die Medien attraktiven Stand gebracht werden. Entsprechend wird \u2013 neben der schweizerdeutsch gesprochenen Originalfassung \u2013 noch eine franz\u00f6sische und eine englische Fassung erstellt werden.<\/p>\n<p>Anl\u00e4sslich der Ordentlichen Stiftungsratssitzung vom 27.11.2007 konnten die DVD in ihrer schweizerdeutschen Originalfassung gezeigt werden.<\/p>\n<p>Fritz Hans Schwarzenbach schenkt den Film der SSAF, womit die Nutzungsrechte der schweizerischen dreisprachigen Version zu gleichen Teilen bei der SSAF, Fritz Hans Schwarzenbach und der Firma Weissfilm GmbH liegen.<\/p>\n<p>Die SSAF dankt Fritz Hans Schwarzenbach f\u00fcr dieses grossz\u00fcgige Geschenk, das einer der zentralen fr\u00fcheren Aktivit\u00e4ten der Stiftung \u2013 der Polarforschung \u2013 ein w\u00fcrdiges Denkmal setzt.<\/p>\n<p>Schau nach bei Publikationen: <a href=\"https:\/\/alpinfo.ch\/de\/publikationen\/buecher-dvds\/\" target=\"_blank\" rel=\"noopener\">www.alpinfo.ch\/de\/publikationen\/buecher-dvds\/<\/a><\/p>\n","protected":false},"excerpt":{"rendered":"<p>DVD- &amp; Buch-Projekt Baffin Island Expedition 1953 Projekt Film Baffin Island Die SSAF hatte 1953 die Teilnahme der vier Schweizer Hans R\u00f6thlisberger, J\u00fcrg Marmet, Hans Weber und Fritz Hans Schwarzenbach an der vom Arctic Institute of North America (AINA) organisierten \u201eSecond Baffin Island Expedition 1953\u201c erm\u00f6glicht. Insbesondere wurde w\u00e4hrend dieser Expedition von Hans Weber ein [&hellip;]<\/p>\n","protected":false},"author":1,"featured_media":0,"parent":2060,"menu_order":7,"comment_status":"closed","ping_status":"closed","template":"template-expedition.php","meta":{"_acf_changed":false,"inline_featured_image":false,"footnotes":"","_links_to":"","_links_to_target":""},"class_list":["post-2090","page","type-page","status-publish","hentry"],"acf":[],"_links":{"self":[{"href":"https:\/\/alpinfo.ch\/en\/wp-json\/wp\/v2\/pages\/2090","targetHints":{"allow":["GET"]}}],"collection":[{"href":"https:\/\/alpinfo.ch\/en\/wp-json\/wp\/v2\/pages"}],"about":[{"href":"https:\/\/alpinfo.ch\/en\/wp-json\/wp\/v2\/types\/page"}],"author":[{"embeddable":true,"href":"https:\/\/alpinfo.ch\/en\/wp-json\/wp\/v2\/users\/1"}],"replies":[{"embeddable":true,"href":"https:\/\/alpinfo.ch\/en\/wp-json\/wp\/v2\/comments?post=2090"}],"version-history":[{"count":3,"href":"https:\/\/alpinfo.ch\/en\/wp-json\/wp\/v2\/pages\/2090\/revisions"}],"predecessor-version":[{"id":2728,"href":"https:\/\/alpinfo.ch\/en\/wp-json\/wp\/v2\/pages\/2090\/revisions\/2728"}],"up":[{"embeddable":true,"href":"https:\/\/alpinfo.ch\/en\/wp-json\/wp\/v2\/pages\/2060"}],"wp:attachment":[{"href":"https:\/\/alpinfo.ch\/en\/wp-json\/wp\/v2\/media?parent=2090"}],"curies":[{"name":"wp","href":"https:\/\/api.w.org\/{rel}","templated":true}]}}

<h2>DVD- &amp; Buch-Projekt Baffin Island Expedition 1953</h2>
<h3>Projekt Film Baffin Island</h3>
<p>Die SSAF hatte 1953 die Teilnahme der vier Schweizer Hans Röthlisberger, Jürg Marmet, Hans Weber und Fritz Hans Schwarzenbach an der vom Arctic Institute of North America (AINA) organisierten „Second Baffin Island Expedition 1953“ ermöglicht.</p>
<p>Insbesondere wurde während dieser Expedition von Hans Weber ein 16mm-Film gedreht – einer der ersten farbigen Dokumentarfilme weltweit (die Originalrollen sind Eigentum der SSAF).</p>
<p>Dieser Film war später in Kanada digitalisiert und 2003 eine DVD davon den Expeditionsteilnehmern als Geschenk überlassen worden. Im Lauf des Jahres 2007 konnte dank der Übernahme der Produktionskosten durch Alt-Stiftungsratsmitglied Fritz Hans Schwarzenbach der Film mit Hilfe des Filmgestalters Marcello Weiss (Zug) neu gestaltet und mit Kommentaren der vier Schweizer Teilnehmer ergänzt und so auf einen modernen und für die Medien attraktiven Stand gebracht werden. Entsprechend wird – neben der schweizerdeutsch gesprochenen Originalfassung – noch eine französische und eine englische Fassung erstellt werden.</p>
<p>Anlässlich der Ordentlichen Stiftungsratssitzung vom 27.11.2007 konnten die DVD in ihrer schweizerdeutschen Originalfassung gezeigt werden.</p>
<p>Fritz Hans Schwarzenbach schenkt den Film der SSAF, womit die Nutzungsrechte der schweizerischen dreisprachigen Version zu gleichen Teilen bei der SSAF, Fritz Hans Schwarzenbach und der Firma Weissfilm GmbH liegen.</p>
<p>Die SSAF dankt Fritz Hans Schwarzenbach für dieses grosszügige Geschenk, das einer der zentralen früheren Aktivitäten der Stiftung – der Polarforschung – ein würdiges Denkmal setzt.</p>
<p>Schau nach bei Publikationen: <a href="https://alpinfo.ch/de/publikationen/buecher-dvds/" target="_blank" rel="noopener">www.alpinfo.ch/de/publikationen/buecher-dvds/</a></p>

<p>DVD- &amp; Buch-Projekt Baffin Island Expedition 1953 Projekt Film Baffin Island Die SSAF hatte 1953 die Teilnahme der vier Schweizer Hans Röthlisberger, Jürg Marmet, Hans Weber und Fritz Hans Schwarzenbach an der vom Arctic Institute of North America (AINA) organisierten „Second Baffin Island Expedition 1953“ ermöglicht. Insbesondere wurde während dieser Expedition von Hans Weber ein [&hellip;]</p>
