{"id":2097,"date":"2021-08-20T17:01:16","date_gmt":"2021-08-20T15:01:16","guid":{"rendered":"https:\/\/alpinfo.flake.work\/klimaentwicklung-der-letzten-10000-jahre\/"},"modified":"2021-09-09T09:46:40","modified_gmt":"2021-09-09T07:46:40","slug":"climate-change-in-the-past-10000-years","status":"publish","type":"page","link":"https:\/\/alpinfo.ch\/en\/research\/current-projects\/projects\/climate-change-in-the-past-10000-years\/","title":{"rendered":"Climate change in the past 10,000 years"},"content":{"rendered":"<h2>Climate change in the past 10,000 years<\/h2>\n<p><strong>A scientific publication describing climate change in the (Swiss) Alpine region during the past 10,000 years<\/strong><\/p>\n<p>The retreat of glaciers in Switzerland (as well as other areas of the Alps) has now uncovered an increasing number of timber and peat sections that would have been overtaken in the past by earlier phases of glacier advancement. These findings lead to the conclusion that warm phases also occurred in the past, and that some of the glaciers must have been much shorter than they are today.<br \/>\nEvidence has been produced for the existence of 10-12 \u201cwindows of warmth\u201d during the past 10,000 years, lasting for a total duration of about 5,500 years.<\/p>\n<p>Some of the timber findings are actually parts of a tree, including a trunk with 600 annual rings. At least in this particular case, therefore, the tree is unlikely to have been standing at the edge of the forest (i.e. in the \u201cbattle zone\u201d), but must originally have come from at least about 100 metres below \u2013 growing far away from the glacier\u2019s \u201csnout\u201d.<\/p>\n<p>This research, which was confirmed by corresponding research from Austria (Innsbruck) was intended to be accompanied by the production of a scientific publication.<br \/>\nIn 2006, the SFAR granted support for work to be carried out on this publication in the years 2007-2009.<\/p>\n<p>See also: Alpen ohne Gletscher (Alps without Glaciers) &#8211; &#8216;Die Alpen&#8217; June 2004:<br \/>\n<a href=\"https:\/\/alpinfo.ch\/wp-content\/uploads\/2021\/09\/die_alpen_6-2004.pdf\">Waren die pr\u00e4historischen Alpen gletscherfrei? Holz- und Torffunde als Klimaindikatoren; Christian Schl\u00fcchter &amp; Ueli J\u00f6rin; Die Alpen 6-2004.pdf<\/a><\/p>\n<p>and<\/p>\n<p>Gr\u00fcne Alpen statt Ewiges Eis (Green Alps in place of Eternal Ice) &#8211; ETHlife February 2005<br \/>\n<a href=\"http:\/\/archiv.ethlife.ethz.ch\/articles\/tages\/gruenealpen.html\" target=\"_blank\" rel=\"noopener\">http:\/\/archiv.ethlife.ethz.ch\/articles\/tages\/gruenealpen.html<\/a><\/p>\n","protected":false},"excerpt":{"rendered":"<p>Climate change in the past 10,000 years A scientific publication describing climate change in the (Swiss) Alpine region during the past 10,000 years The retreat of glaciers in Switzerland (as well as other areas of the Alps) has now uncovered an increasing number of timber and peat sections that would have been overtaken in the [&hellip;]<\/p>\n","protected":false},"author":1,"featured_media":0,"parent":2099,"menu_order":4,"comment_status":"closed","ping_status":"closed","template":"template-expedition.php","meta":{"_acf_changed":false,"inline_featured_image":false,"footnotes":"","_links_to":"","_links_to_target":""},"class_list":["post-2097","page","type-page","status-publish","hentry"],"acf":[],"_links":{"self":[{"href":"https:\/\/alpinfo.ch\/en\/wp-json\/wp\/v2\/pages\/2097","targetHints":{"allow":["GET"]}}],"collection":[{"href":"https:\/\/alpinfo.ch\/en\/wp-json\/wp\/v2\/pages"}],"about":[{"href":"https:\/\/alpinfo.ch\/en\/wp-json\/wp\/v2\/types\/page"}],"author":[{"embeddable":true,"href":"https:\/\/alpinfo.ch\/en\/wp-json\/wp\/v2\/users\/1"}],"replies":[{"embeddable":true,"href":"https:\/\/alpinfo.ch\/en\/wp-json\/wp\/v2\/comments?post=2097"}],"version-history":[{"count":5,"href":"https:\/\/alpinfo.ch\/en\/wp-json\/wp\/v2\/pages\/2097\/revisions"}],"predecessor-version":[{"id":2429,"href":"https:\/\/alpinfo.ch\/en\/wp-json\/wp\/v2\/pages\/2097\/revisions\/2429"}],"up":[{"embeddable":true,"href":"https:\/\/alpinfo.ch\/en\/wp-json\/wp\/v2\/pages\/2099"}],"wp:attachment":[{"href":"https:\/\/alpinfo.ch\/en\/wp-json\/wp\/v2\/media?parent=2097"}],"curies":[{"name":"wp","href":"https:\/\/api.w.org\/{rel}","templated":true}]}}

<h2>Climate change in the past 10,000 years</h2>
<p><strong>A scientific publication describing climate change in the (Swiss) Alpine region during the past 10,000 years</strong></p>
<p>The retreat of glaciers in Switzerland (as well as other areas of the Alps) has now uncovered an increasing number of timber and peat sections that would have been overtaken in the past by earlier phases of glacier advancement. These findings lead to the conclusion that warm phases also occurred in the past, and that some of the glaciers must have been much shorter than they are today.<br />
Evidence has been produced for the existence of 10-12 “windows of warmth” during the past 10,000 years, lasting for a total duration of about 5,500 years.</p>
<p>Some of the timber findings are actually parts of a tree, including a trunk with 600 annual rings. At least in this particular case, therefore, the tree is unlikely to have been standing at the edge of the forest (i.e. in the “battle zone”), but must originally have come from at least about 100 metres below – growing far away from the glacier’s “snout”.</p>
<p>This research, which was confirmed by corresponding research from Austria (Innsbruck) was intended to be accompanied by the production of a scientific publication.<br />
In 2006, the SFAR granted support for work to be carried out on this publication in the years 2007-2009.</p>
<p>See also: Alpen ohne Gletscher (Alps without Glaciers) &#8211; &#8216;Die Alpen&#8217; June 2004:<br />
<a href="https://alpinfo.ch/wp-content/uploads/2021/09/die_alpen_6-2004.pdf">Waren die prähistorischen Alpen gletscherfrei? Holz- und Torffunde als Klimaindikatoren; Christian Schlüchter &amp; Ueli Jörin; Die Alpen 6-2004.pdf</a></p>
<p>and</p>
<p>Grüne Alpen statt Ewiges Eis (Green Alps in place of Eternal Ice) &#8211; ETHlife February 2005<br />
<a href="http://archiv.ethlife.ethz.ch/articles/tages/gruenealpen.html" target="_blank" rel="noopener">http://archiv.ethlife.ethz.ch/articles/tages/gruenealpen.html</a></p>
