{"id":2164,"date":"2021-08-26T12:02:40","date_gmt":"2021-08-26T10:02:40","guid":{"rendered":"https:\/\/alpinfo.flake.work\/publications\/buecher-dvds\/jubilaeumsschrift\/"},"modified":"2021-09-24T15:44:46","modified_gmt":"2021-09-24T13:44:46","slug":"jubilaeumsschrift","status":"publish","type":"page","link":"https:\/\/alpinfo.ch\/en\/publications\/books-dvds\/jubilaeumsschrift\/","title":{"rendered":"Jubil\u00e4umsschrift"},"content":{"rendered":"<h2>Jubil\u00e4umsschrift \u00abSchweizerische Stiftung f\u00fcr Alpine Forschung 1939\u20132014\u00bb<\/h2>\n<p>&nbsp;<\/p>\n<p><img loading=\"lazy\" decoding=\"async\" class=\"alignnone size-full wp-image-1672\" src=\"https:\/\/alpinfo.ch\/wp-content\/uploads\/2021\/08\/jubilaeumsstiftung_more_39ee723bff_publikationen.jpg\" alt=\"\" width=\"300\" height=\"249\" \/><\/p>\n<p>&nbsp;<\/p>\n<p>Die Jubil\u00e4umsschrift \u00abSchweizerische Stiftung f\u00fcr Alpine Forschung 1939\u20132014\u00bb versammelt Beitr\u00e4ge zu aktuellen Forschungsfragen im alpinen Raum. Dazu geh\u00f6ren ein Einblick in die Geschichte der H\u00f6henmedizin, ein Interview zum Alpinismus im Wandel der Zeit, exemplifiziert an historischen und aktuellen Everest-Besteigungen, die Geschichte der Gletschermessungen in der Schweiz, eine Untersuchung \u00fcber Gletscher- und Klimaschwankungen seit dem Ende der letzten Eiszeit, die Wildforschung im Alpenraum und ihre Folgen, sowie ein Essay zu \u00abAlpine Biodiversit\u00e4t im Zweifrontenkampf\u00bb.<\/p>\n<p>Aufgelockert werden diese aktuellen Autorenbeitr\u00e4ge durch diverse historische \u00abPerlen aus dem Archiv\u00bb der Stiftung. (vgl. auch den Link &#8221;<a href=\"https:\/\/alpinfo.ch\/wp-content\/uploads\/2021\/08\/inhaltsverzeichnis_jubilaeumsschrift_publikationen.pdf\" target=\"_blank\" rel=\"noopener\">Inhaltsverzeichnis<\/a>&#8221;)<\/p>\n<p>Die Schweizerische Stiftung f\u00fcr Alpine Forschung (SSAF) war in den sp\u00e4ten 1940er- und 1950er-Jahren weltweit bekannt f\u00fcr ihre bergsteigerischen Expeditionen u.a. in den Himalaya (H\u00f6hepunkte: Zweit- und Drittbesteigung des Mt. Everest und Erstbesteigung des Lhotse 1956). Seither hat sich die SSAF mit verschiedensten alpinwissenschaftlichen Fragekreisen befasst und unterst\u00fctzt heute als kleine, unabh\u00e4ngige Stiftung insbesondere wissenschaftliche Projekte, deren Ergebnisse auch in den eigenen Disziplinen ungewohnt erscheinen m\u00f6gen und nicht immer dem Mainstream entsprechen. So beispielsweise Forschungsarbeiten von Prof. em Christian Schl\u00fcchter (Quart\u00e4r- und Umweltgeologie, Uni Bern) oder die Einf\u00fchrung des \u00abProMontesPreises\u00bb, der alle zwei Jahre an Nachwuchsprojekte verliehen wird, die sich f\u00fcr die Zukunft der alpinen Kulturlandschaft engagieren.<\/p>\n","protected":false},"excerpt":{"rendered":"<p>Jubil\u00e4umsschrift \u00abSchweizerische Stiftung f\u00fcr Alpine Forschung 1939\u20132014\u00bb &nbsp; &nbsp; Die Jubil\u00e4umsschrift \u00abSchweizerische Stiftung f\u00fcr Alpine Forschung 1939\u20132014\u00bb versammelt Beitr\u00e4ge zu aktuellen Forschungsfragen im alpinen Raum. Dazu geh\u00f6ren ein Einblick in die Geschichte der H\u00f6henmedizin, ein Interview zum Alpinismus im Wandel der Zeit, exemplifiziert an historischen und aktuellen Everest-Besteigungen, die Geschichte der Gletschermessungen in der Schweiz, [&hellip;]<\/p>\n","protected":false},"author":3,"featured_media":0,"parent":2127,"menu_order":0,"comment_status":"closed","ping_status":"closed","template":"template-default-backlink.php","meta":{"_acf_changed":false,"inline_featured_image":false,"footnotes":"","_links_to":"","_links_to_target":""},"class_list":["post-2164","page","type-page","status-publish","hentry"],"acf":[],"_links":{"self":[{"href":"https:\/\/alpinfo.ch\/en\/wp-json\/wp\/v2\/pages\/2164","targetHints":{"allow":["GET"]}}],"collection":[{"href":"https:\/\/alpinfo.ch\/en\/wp-json\/wp\/v2\/pages"}],"about":[{"href":"https:\/\/alpinfo.ch\/en\/wp-json\/wp\/v2\/types\/page"}],"author":[{"embeddable":true,"href":"https:\/\/alpinfo.ch\/en\/wp-json\/wp\/v2\/users\/3"}],"replies":[{"embeddable":true,"href":"https:\/\/alpinfo.ch\/en\/wp-json\/wp\/v2\/comments?post=2164"}],"version-history":[{"count":3,"href":"https:\/\/alpinfo.ch\/en\/wp-json\/wp\/v2\/pages\/2164\/revisions"}],"predecessor-version":[{"id":2732,"href":"https:\/\/alpinfo.ch\/en\/wp-json\/wp\/v2\/pages\/2164\/revisions\/2732"}],"up":[{"embeddable":true,"href":"https:\/\/alpinfo.ch\/en\/wp-json\/wp\/v2\/pages\/2127"}],"wp:attachment":[{"href":"https:\/\/alpinfo.ch\/en\/wp-json\/wp\/v2\/media?parent=2164"}],"curies":[{"name":"wp","href":"https:\/\/api.w.org\/{rel}","templated":true}]}}

Jubiläumsschrift

<h2>Jubiläumsschrift «Schweizerische Stiftung für Alpine Forschung 1939–2014»</h2>
<p>&nbsp;</p>
<p><img loading="lazy" decoding="async" class="alignnone size-full wp-image-1672" src="https://alpinfo.ch/wp-content/uploads/2021/08/jubilaeumsstiftung_more_39ee723bff_publikationen.jpg" alt="" width="300" height="249" /></p>
<p>&nbsp;</p>
<p>Die Jubiläumsschrift «Schweizerische Stiftung für Alpine Forschung 1939–2014» versammelt Beiträge zu aktuellen Forschungsfragen im alpinen Raum. Dazu gehören ein Einblick in die Geschichte der Höhenmedizin, ein Interview zum Alpinismus im Wandel der Zeit, exemplifiziert an historischen und aktuellen Everest-Besteigungen, die Geschichte der Gletschermessungen in der Schweiz, eine Untersuchung über Gletscher- und Klimaschwankungen seit dem Ende der letzten Eiszeit, die Wildforschung im Alpenraum und ihre Folgen, sowie ein Essay zu «Alpine Biodiversität im Zweifrontenkampf».</p>
<p>Aufgelockert werden diese aktuellen Autorenbeiträge durch diverse historische «Perlen aus dem Archiv» der Stiftung. (vgl. auch den Link &#8221;<a href="https://alpinfo.ch/wp-content/uploads/2021/08/inhaltsverzeichnis_jubilaeumsschrift_publikationen.pdf" target="_blank" rel="noopener">Inhaltsverzeichnis</a>&#8221;)</p>
<p>Die Schweizerische Stiftung für Alpine Forschung (SSAF) war in den späten 1940er- und 1950er-Jahren weltweit bekannt für ihre bergsteigerischen Expeditionen u.a. in den Himalaya (Höhepunkte: Zweit- und Drittbesteigung des Mt. Everest und Erstbesteigung des Lhotse 1956). Seither hat sich die SSAF mit verschiedensten alpinwissenschaftlichen Fragekreisen befasst und unterstützt heute als kleine, unabhängige Stiftung insbesondere wissenschaftliche Projekte, deren Ergebnisse auch in den eigenen Disziplinen ungewohnt erscheinen mögen und nicht immer dem Mainstream entsprechen. So beispielsweise Forschungsarbeiten von Prof. em Christian Schlüchter (Quartär- und Umweltgeologie, Uni Bern) oder die Einführung des «ProMontesPreises», der alle zwei Jahre an Nachwuchsprojekte verliehen wird, die sich für die Zukunft der alpinen Kulturlandschaft engagieren.</p>

<p>Jubiläumsschrift «Schweizerische Stiftung für Alpine Forschung 1939–2014» &nbsp; &nbsp; Die Jubiläumsschrift «Schweizerische Stiftung für Alpine Forschung 1939–2014» versammelt Beiträge zu aktuellen Forschungsfragen im alpinen Raum. Dazu gehören ein Einblick in die Geschichte der Höhenmedizin, ein Interview zum Alpinismus im Wandel der Zeit, exemplifiziert an historischen und aktuellen Everest-Besteigungen, die Geschichte der Gletschermessungen in der Schweiz, [&hellip;]</p>
