{"id":2633,"date":"2021-09-20T14:59:32","date_gmt":"2021-09-20T12:59:32","guid":{"rendered":"https:\/\/alpinfo.flake.work\/?page_id=2633"},"modified":"2021-09-30T10:13:11","modified_gmt":"2021-09-30T08:13:11","slug":"memberships-of-sfar","status":"publish","type":"page","link":"https:\/\/alpinfo.ch\/en\/about-us\/memberships-of-sfar\/","title":{"rendered":"Memberships of SFAR"},"content":{"rendered":"<p>Alpine Forschungs- und Ausbildungsstation Furka, ALPFOR<br \/>\n<a href=\"http:\/\/www.alpfor.ch\" target=\"_blank\" rel=\"noopener\">www.alpfor.ch<\/a><\/p>\n<p>Prix de Quervain f\u00fcr Polar- und H\u00f6henforschung<br \/>\n<a href=\"https:\/\/swisspolar.ch\/2021\/02\/prix-de-quervain-2021\/\" target=\"_blank\" rel=\"noopener\">www.swisspolar.ch<\/a><\/p>\n<p>Schweizerisches Alpines Museum<br \/>\n<a href=\"https:\/\/www.alpinesmuseum.ch\/de\" target=\"_blank\" rel=\"noopener\">www.alpinesmuseum.ch<\/a><\/p>\n<p>Schweizerische Gesellschaft f\u00fcr Gebirgsmedizin, SGGM<br \/>\n<a href=\"https:\/\/www.sggm-ssmm.ch\/site\/index.cfm?id_art=131320\" target=\"_blank\" rel=\"noopener\">www.sggm-ssmm.ch<\/a><\/p>\n","protected":false},"excerpt":{"rendered":"<p>Alpine Forschungs- und Ausbildungsstation Furka, ALPFOR www.alpfor.ch Prix de Quervain f\u00fcr Polar- und H\u00f6henforschung www.swisspolar.ch Schweizerisches Alpines Museum www.alpinesmuseum.ch Schweizerische Gesellschaft f\u00fcr Gebirgsmedizin, SGGM www.sggm-ssmm.ch<\/p>\n","protected":false},"author":1,"featured_media":0,"parent":2208,"menu_order":0,"comment_status":"closed","ping_status":"closed","template":"template-default-backlink.php","meta":{"_acf_changed":false,"inline_featured_image":false,"footnotes":"","_links_to":"","_links_to_target":""},"class_list":["post-2633","page","type-page","status-publish","hentry"],"acf":[],"_links":{"self":[{"href":"https:\/\/alpinfo.ch\/en\/wp-json\/wp\/v2\/pages\/2633","targetHints":{"allow":["GET"]}}],"collection":[{"href":"https:\/\/alpinfo.ch\/en\/wp-json\/wp\/v2\/pages"}],"about":[{"href":"https:\/\/alpinfo.ch\/en\/wp-json\/wp\/v2\/types\/page"}],"author":[{"embeddable":true,"href":"https:\/\/alpinfo.ch\/en\/wp-json\/wp\/v2\/users\/1"}],"replies":[{"embeddable":true,"href":"https:\/\/alpinfo.ch\/en\/wp-json\/wp\/v2\/comments?post=2633"}],"version-history":[{"count":6,"href":"https:\/\/alpinfo.ch\/en\/wp-json\/wp\/v2\/pages\/2633\/revisions"}],"predecessor-version":[{"id":3113,"href":"https:\/\/alpinfo.ch\/en\/wp-json\/wp\/v2\/pages\/2633\/revisions\/3113"}],"up":[{"embeddable":true,"href":"https:\/\/alpinfo.ch\/en\/wp-json\/wp\/v2\/pages\/2208"}],"wp:attachment":[{"href":"https:\/\/alpinfo.ch\/en\/wp-json\/wp\/v2\/media?parent=2633"}],"curies":[{"name":"wp","href":"https:\/\/api.w.org\/{rel}","templated":true}]}}

<p>Alpine Forschungs- und Ausbildungsstation Furka, ALPFOR<br />
<a href="http://www.alpfor.ch" target="_blank" rel="noopener">www.alpfor.ch</a></p>
<p>Prix de Quervain für Polar- und Höhenforschung<br />
<a href="https://swisspolar.ch/2021/02/prix-de-quervain-2021/" target="_blank" rel="noopener">www.swisspolar.ch</a></p>
<p>Schweizerisches Alpines Museum<br />
<a href="https://www.alpinesmuseum.ch/de" target="_blank" rel="noopener">www.alpinesmuseum.ch</a></p>
<p>Schweizerische Gesellschaft für Gebirgsmedizin, SGGM<br />
<a href="https://www.sggm-ssmm.ch/site/index.cfm?id_art=131320" target="_blank" rel="noopener">www.sggm-ssmm.ch</a></p>

<p>Alpine Forschungs- und Ausbildungsstation Furka, ALPFOR www.alpfor.ch Prix de Quervain für Polar- und Höhenforschung www.swisspolar.ch Schweizerisches Alpines Museum www.alpinesmuseum.ch Schweizerische Gesellschaft für Gebirgsmedizin, SGGM www.sggm-ssmm.ch</p>
