{"id":3075,"date":"2021-09-28T15:25:29","date_gmt":"2021-09-28T13:25:29","guid":{"rendered":"https:\/\/alpinfo.flake.work\/research\/current-projects\/projects\/promontespreis-2012\/"},"modified":"2021-09-30T11:06:52","modified_gmt":"2021-09-30T09:06:52","slug":"promontesprize-2012","status":"publish","type":"page","link":"https:\/\/alpinfo.ch\/en\/research\/current-projects\/projects\/promontesprize-2012\/","title":{"rendered":"ProMontesPrize 2012"},"content":{"rendered":"<h2>Pro Montes Prize 2012<\/h2>\n<p>&nbsp;<\/p>\n<p><img loading=\"lazy\" decoding=\"async\" class=\"size-medium wp-image-3080\" src=\"https:\/\/alpinfo.ch\/wp-content\/uploads\/2021\/09\/pokalfoto-fuer-pmp-2012-200x300.jpg\" alt=\"\" width=\"200\" height=\"300\" srcset=\"https:\/\/alpinfo.ch\/wp-content\/uploads\/2021\/09\/pokalfoto-fuer-pmp-2012-200x300.jpg 200w, https:\/\/alpinfo.ch\/wp-content\/uploads\/2021\/09\/pokalfoto-fuer-pmp-2012-683x1024.jpg 683w, https:\/\/alpinfo.ch\/wp-content\/uploads\/2021\/09\/pokalfoto-fuer-pmp-2012-768x1152.jpg 768w, https:\/\/alpinfo.ch\/wp-content\/uploads\/2021\/09\/pokalfoto-fuer-pmp-2012-1024x1536.jpg 1024w, https:\/\/alpinfo.ch\/wp-content\/uploads\/2021\/09\/pokalfoto-fuer-pmp-2012-1365x2048.jpg 1365w, https:\/\/alpinfo.ch\/wp-content\/uploads\/2021\/09\/pokalfoto-fuer-pmp-2012-scaled.jpg 1707w\" sizes=\"auto, (max-width: 200px) 100vw, 200px\" \/><\/p>\n<p>&nbsp;<\/p>\n<p>Der ProMontesPreis der Schweizerischen Stiftung f\u00fcr Alpine Forschung wurde erstmals am 6.6.2012, anl\u00e4sslich der Phil.Alp-Tagung der Interakademischen Kommission Alpenforschung, ICAS, in Thun vergeben.<\/p>\n<p>Erste Preistr\u00e4gerin war Aline Andrey, Dissertantin am Institut f\u00fcr \u00d6kologie und Evolution der Universit\u00e4t Bern, mit ihrer Forschungsarbeit \u00fcber den kurzfristigen Einfluss von Bew\u00e4sserung und D\u00fcngung auf die Artenvielfalt in Bergm\u00e4hwiesen (Effets \u00e0 court terme de la fertilisation et de l\u2019irrigation sur la biodiversit\u00e9 des prairies de fauches en milieu subalpin).<br \/>\nDas breite Spektrum der biologischen Vielfalt subalpiner Heuwiesen muss gegen zwei Extrempositionen verteidigt werden: gegen die Bewirtschaftungsaufgabe und gegen zu intensive Bewirtschaftung.<\/p>\n<p>Frau Andrey konnte einen Mittelweg aufzeigen, dass n\u00e4mlich ein wohldosierter, geringer Einsatz von G\u00fclle und Bew\u00e4sserung mit Sprinklern in sehr mageren M\u00e4hwiesen kurzfristig (d.h. innerhalb eines Jahres) zu einer signifikanten Erh\u00f6hung der Artenvielfalt und Phytomasse (Heumenge) f\u00fchrt. Die k\u00fcnftige Forschung wird den optimalen Einsatz von G\u00fclle und Bew\u00e4sserung f\u00fcr beides, Heuertrag und Biodiversit\u00e4t, bestimmen. Es bleibt zu hoffen, dass diese Studie ein wichtiges Argument bei den Bestrebungen zur Etablierung einer \u00f6kologisch orientierten Direktzahlung wird.<\/p>\n<p>Der ProMontesPreis im Wert von 2\u2019000 Franken honoriert Nachwuchsforschung als wichtigen Beitrag f\u00fcr die Zukunftssicherung der alpinen Kulturlandschaft. Ein Drittel des Biodiversit\u00e4tsspektrums im schweizerischen Berggebiet ist auf waldfreie, licht- und w\u00e4rmespendende Lebensr\u00e4ume angewiesen, also auf die Bewahrung der seit Jahrhunderten menschgeschaffenen Alpgebiete. Grund genug, Forschung zu f\u00f6rdern, die neue Wege aufzeigt, um die alpine Kulturlandschaft in Einklang mit den Bestrebungen des Naturschutzes zu bringen.<\/p>\n","protected":false},"excerpt":{"rendered":"<p>Pro Montes Prize 2012 &nbsp; &nbsp; Der ProMontesPreis der Schweizerischen Stiftung f\u00fcr Alpine Forschung wurde erstmals am 6.6.2012, anl\u00e4sslich der Phil.Alp-Tagung der Interakademischen Kommission Alpenforschung, ICAS, in Thun vergeben. Erste Preistr\u00e4gerin war Aline Andrey, Dissertantin am Institut f\u00fcr \u00d6kologie und Evolution der Universit\u00e4t Bern, mit ihrer Forschungsarbeit \u00fcber den kurzfristigen Einfluss von Bew\u00e4sserung und D\u00fcngung [&hellip;]<\/p>\n","protected":false},"author":3,"featured_media":0,"parent":2099,"menu_order":0,"comment_status":"closed","ping_status":"closed","template":"template-expedition.php","meta":{"_acf_changed":false,"inline_featured_image":false,"footnotes":"","_links_to":"","_links_to_target":""},"class_list":["post-3075","page","type-page","status-publish","hentry"],"acf":[],"_links":{"self":[{"href":"https:\/\/alpinfo.ch\/en\/wp-json\/wp\/v2\/pages\/3075","targetHints":{"allow":["GET"]}}],"collection":[{"href":"https:\/\/alpinfo.ch\/en\/wp-json\/wp\/v2\/pages"}],"about":[{"href":"https:\/\/alpinfo.ch\/en\/wp-json\/wp\/v2\/types\/page"}],"author":[{"embeddable":true,"href":"https:\/\/alpinfo.ch\/en\/wp-json\/wp\/v2\/users\/3"}],"replies":[{"embeddable":true,"href":"https:\/\/alpinfo.ch\/en\/wp-json\/wp\/v2\/comments?post=3075"}],"version-history":[{"count":5,"href":"https:\/\/alpinfo.ch\/en\/wp-json\/wp\/v2\/pages\/3075\/revisions"}],"predecessor-version":[{"id":3118,"href":"https:\/\/alpinfo.ch\/en\/wp-json\/wp\/v2\/pages\/3075\/revisions\/3118"}],"up":[{"embeddable":true,"href":"https:\/\/alpinfo.ch\/en\/wp-json\/wp\/v2\/pages\/2099"}],"wp:attachment":[{"href":"https:\/\/alpinfo.ch\/en\/wp-json\/wp\/v2\/media?parent=3075"}],"curies":[{"name":"wp","href":"https:\/\/api.w.org\/{rel}","templated":true}]}}

<h2>Pro Montes Prize 2012</h2>
<p>&nbsp;</p>
<p><img loading="lazy" decoding="async" class="size-medium wp-image-3080" src="https://alpinfo.ch/wp-content/uploads/2021/09/pokalfoto-fuer-pmp-2012-200x300.jpg" alt="" width="200" height="300" srcset="https://alpinfo.ch/wp-content/uploads/2021/09/pokalfoto-fuer-pmp-2012-200x300.jpg 200w, https://alpinfo.ch/wp-content/uploads/2021/09/pokalfoto-fuer-pmp-2012-683x1024.jpg 683w, https://alpinfo.ch/wp-content/uploads/2021/09/pokalfoto-fuer-pmp-2012-768x1152.jpg 768w, https://alpinfo.ch/wp-content/uploads/2021/09/pokalfoto-fuer-pmp-2012-1024x1536.jpg 1024w, https://alpinfo.ch/wp-content/uploads/2021/09/pokalfoto-fuer-pmp-2012-1365x2048.jpg 1365w, https://alpinfo.ch/wp-content/uploads/2021/09/pokalfoto-fuer-pmp-2012-scaled.jpg 1707w" sizes="auto, (max-width: 200px) 100vw, 200px" /></p>
<p>&nbsp;</p>
<p>Der ProMontesPreis der Schweizerischen Stiftung für Alpine Forschung wurde erstmals am 6.6.2012, anlässlich der Phil.Alp-Tagung der Interakademischen Kommission Alpenforschung, ICAS, in Thun vergeben.</p>
<p>Erste Preisträgerin war Aline Andrey, Dissertantin am Institut für Ökologie und Evolution der Universität Bern, mit ihrer Forschungsarbeit über den kurzfristigen Einfluss von Bewässerung und Düngung auf die Artenvielfalt in Bergmähwiesen (Effets à court terme de la fertilisation et de l’irrigation sur la biodiversité des prairies de fauches en milieu subalpin).<br />
Das breite Spektrum der biologischen Vielfalt subalpiner Heuwiesen muss gegen zwei Extrempositionen verteidigt werden: gegen die Bewirtschaftungsaufgabe und gegen zu intensive Bewirtschaftung.</p>
<p>Frau Andrey konnte einen Mittelweg aufzeigen, dass nämlich ein wohldosierter, geringer Einsatz von Gülle und Bewässerung mit Sprinklern in sehr mageren Mähwiesen kurzfristig (d.h. innerhalb eines Jahres) zu einer signifikanten Erhöhung der Artenvielfalt und Phytomasse (Heumenge) führt. Die künftige Forschung wird den optimalen Einsatz von Gülle und Bewässerung für beides, Heuertrag und Biodiversität, bestimmen. Es bleibt zu hoffen, dass diese Studie ein wichtiges Argument bei den Bestrebungen zur Etablierung einer ökologisch orientierten Direktzahlung wird.</p>
<p>Der ProMontesPreis im Wert von 2’000 Franken honoriert Nachwuchsforschung als wichtigen Beitrag für die Zukunftssicherung der alpinen Kulturlandschaft. Ein Drittel des Biodiversitätsspektrums im schweizerischen Berggebiet ist auf waldfreie, licht- und wärmespendende Lebensräume angewiesen, also auf die Bewahrung der seit Jahrhunderten menschgeschaffenen Alpgebiete. Grund genug, Forschung zu fördern, die neue Wege aufzeigt, um die alpine Kulturlandschaft in Einklang mit den Bestrebungen des Naturschutzes zu bringen.</p>

<p>Pro Montes Prize 2012 &nbsp; &nbsp; Der ProMontesPreis der Schweizerischen Stiftung für Alpine Forschung wurde erstmals am 6.6.2012, anlässlich der Phil.Alp-Tagung der Interakademischen Kommission Alpenforschung, ICAS, in Thun vergeben. Erste Preisträgerin war Aline Andrey, Dissertantin am Institut für Ökologie und Evolution der Universität Bern, mit ihrer Forschungsarbeit über den kurzfristigen Einfluss von Bewässerung und Düngung [&hellip;]</p>
