{"id":6181,"date":"2023-04-18T14:43:56","date_gmt":"2023-04-18T12:43:56","guid":{"rendered":"https:\/\/alpinfo.ch\/research\/current-projects\/projects\/prix-pro-montes-2023\/"},"modified":"2023-10-23T11:01:44","modified_gmt":"2023-10-23T09:01:44","slug":"prix-pro-montes-2023","status":"publish","type":"page","link":"https:\/\/alpinfo.ch\/en\/research\/current-projects\/projects\/prix-pro-montes-2023\/","title":{"rendered":"PrixProMontes 2023"},"content":{"rendered":"<div class=\"rl-gallery-container rl-loading\" id=\"rl-gallery-container-1\" data-gallery_id=\"6205\"> <div class=\"rl-gallery rl-basicgrid-gallery \" id=\"rl-gallery-1\" data-gallery_no=\"1\"> <div class=\"rl-gallery-item\"><a href=\"\" style=\"cursor: default;\" title=\"\" data-rl_title=\"\" class=\"rl-gallery-link\" data-rl_caption=\"\" data-rel=\"lightbox-gallery-1\"><img loading=\"lazy\" decoding=\"async\" src=\"https:\/\/alpinfo.ch\/wp-content\/uploads\/2023\/04\/logo-alpinfo.jpg\" width=\"126\" height=\"105\" alt=\"\"\/><\/a><\/div><div class=\"rl-gallery-item\"><a href=\"\" style=\"cursor: default;\" title=\"\" data-rl_title=\"\" class=\"rl-gallery-link\" data-rl_caption=\"\" data-rel=\"lightbox-gallery-1\"><img loading=\"lazy\" decoding=\"async\" src=\"https:\/\/alpinfo.ch\/wp-content\/uploads\/2023\/04\/scnat.jpg\" width=\"232\" height=\"79\" alt=\"\"\/><\/a><\/div> <\/div> <\/div>\n<h2>Mise au concours du<br \/>\nPrixProMontes 2023<\/h2>\n<h3><span style=\"color: #ff0000;\">L&#8217;organisation du concours ProMontesPreis a \u00e9t\u00e9 report\u00e9e \u00e0 une date ind\u00e9termin\u00e9e.<\/span><\/h3>\n<h3>R\u00e9compense des travaux de recherche sur l&#8217;avenir du paysage culturel alpin<\/h3>\n<p><strong>La Fondation Suisse pour Recherches Alpines (FSRA)<\/strong>, en collaboration avec le <strong>Forum Paysage, Alpes, Parcs (FoLAP)<\/strong>, d\u00e9cerne des prix pour r\u00e9compenser les r\u00e9alisations exceptionnelles de jeunes chercheurs au sujet de l\u2019avenir du paysage culturel alpin. Les biotopes en terre ouverte, qui abritent pr\u00e8s d&#8217;un tiers de la flore et faune de l&#8217;arc alpin, sont particuli\u00e8rement menac\u00e9s par le reboisement. En outre, les multiples cons\u00e9quences du changement climatique constituent aujourd&#8217;hui une menace fondamentale pour tous les habitats alpins. Les prix r\u00e9compensent des travaux qui, d&#8217;une part, \u00e9tudient les causes des modifications du paysage et, d&#8217;autre part, d\u00e9veloppent des m\u00e9thodes pratiques pour r\u00e9activer la diversit\u00e9 des paysages.<\/p>\n<p><strong>Mots-cl\u00e9s en rapport avec les travaux de recherche et les projets :<\/strong><br \/>\nBiodiversit\u00e9 | N\u00e9obiotes | Pr\u00e9dateurs | Biotopes en terre ouverte | P\u00e2turages d&#8217;estivage | Lutte contre le reboisement | Population | R\u00e9gions p\u00e9riph\u00e9riques | Exode | Travail \u00e0 domicile | Service public | Mitage | &#8220;M\u00e9tropoles alpines&#8221; | R\u00e9serves de biosph\u00e8re | R\u00e9seau de chemins de randonn\u00e9e p\u00e9destre | Sports de montagne | Chasse | Art | Culture-Tradition-Moderne | Tourisme | Agriculture | Paiements directs | Ecosyst\u00e8me-Services | \u00c9nergie | Transports | Changement climatique | Perg\u00e9lisol | P\u00e9riodes s\u00e8ches | Recul des glaciers | Marges proglaciaires | \u00c9v\u00e9nements extr\u00eames | Plastique | Sols | Azote<\/p>\n<p><strong>Candidature<\/strong><br \/>\nLes candidatures sont ouvertes aux jeunes chercheurs des universit\u00e9s et des hautes \u00e9coles sp\u00e9cialis\u00e9es ainsi qu&#8217;aux chercheurs priv\u00e9s et contractuels de Suisse ayant termin\u00e9 leur th\u00e8se, leur travail de master ou leur projet sur mandat. Les projets doivent avoir un lien avec la Suisse. La limite d&#8217;\u00e2ge est de 35 ans (des exceptions sont possibles). Les th\u00e8ses ou travaux de master, r\u00e9dig\u00e9es en allemand, fran\u00e7ais ou anglais, doivent avoir \u00e9t\u00e9 termin\u00e9es entre septembre 2021 et septembre 2023. Les candidatures doivent \u00eatre soumises avant le 31 ao\u00fbt 2023 au moyen du formulaire disponible en ligne. T\u00e9l\u00e9charger: <a href=\"https:\/\/alpinfo.ch\/wp-content\/uploads\/2023\/04\/Formulaire-Candidature-PPM-2023_F-DEF.pdf\" target=\"_blank\" rel=\"noopener\">Formulaire Candidature PPM 2023_F; DEF<\/a><\/p>\n<p><strong>S\u00e9lection<\/strong><br \/>\nUn jury compos\u00e9 de membres du Conseil de fondation du FSRA et d&#8217;experts du FOLAP s\u00e9lectionnera 3 candidatures pour une pr\u00e9sentation au symposium &#8220;Avenir des paysages culturels alpins&#8221; lors de <strong>la journ\u00e9e de la montagne, le 11 d\u00e9cembre 2023<\/strong>, au Mus\u00e9e Alpin Suisse, notre organisation partenaire \u00e0 Berne.<br \/>\nLa s\u00e9lection se fera sur la base des crit\u00e8res suivants:<br \/>\n&#8211; Qualit\u00e9 scientifique des travaux,<br \/>\n&#8211; Pertinence par rapport au th\u00e8me des paysages culturels alpins,<br \/>\n&#8211; Pertinence pour la pratique.<br \/>\nAu cours du symposium, le gagnant (m\/f) sera s\u00e9lectionn\u00e9 parmi les nomin\u00e9s sur la base de la qualit\u00e9 de la pr\u00e9sentation et le prix sera remis.<\/p>\n<p><strong>Prix en argent<\/strong><br \/>\nLe gagnant (m\/f) recevra CHF 3000, les autres nomin\u00e9s recevront chacun CHF 1000.<\/p>\n<p><strong>Contact \/ renseignements:<\/strong><br \/>\nFondation Suisse pour Recherches Alpines, Stadelhoferstrasse 42, CH-8001 Zurich<br \/>\nT\u00e9l: +41-44-253 12 00 | Fax: +41-44-253 12 01 | E-mail: <a href=\"mailto:mail@alpinfo.ch\">mail@alpinfo.ch<\/a><\/p>\n","protected":false},"excerpt":{"rendered":"<p>Mise au concours du PrixProMontes 2023 L&#8217;organisation du concours ProMontesPreis a \u00e9t\u00e9 report\u00e9e \u00e0 une date ind\u00e9termin\u00e9e. R\u00e9compense des travaux de recherche sur l&#8217;avenir du paysage culturel alpin La Fondation Suisse pour Recherches Alpines (FSRA), en collaboration avec le Forum Paysage, Alpes, Parcs (FoLAP), d\u00e9cerne des prix pour r\u00e9compenser les r\u00e9alisations exceptionnelles de jeunes chercheurs [&hellip;]<\/p>\n","protected":false},"author":1,"featured_media":0,"parent":2099,"menu_order":1,"comment_status":"closed","ping_status":"closed","template":"template-expedition.php","meta":{"_acf_changed":false,"inline_featured_image":false,"footnotes":"","_links_to":"","_links_to_target":""},"class_list":["post-6181","page","type-page","status-publish","hentry"],"acf":[],"_links":{"self":[{"href":"https:\/\/alpinfo.ch\/en\/wp-json\/wp\/v2\/pages\/6181","targetHints":{"allow":["GET"]}}],"collection":[{"href":"https:\/\/alpinfo.ch\/en\/wp-json\/wp\/v2\/pages"}],"about":[{"href":"https:\/\/alpinfo.ch\/en\/wp-json\/wp\/v2\/types\/page"}],"author":[{"embeddable":true,"href":"https:\/\/alpinfo.ch\/en\/wp-json\/wp\/v2\/users\/1"}],"replies":[{"embeddable":true,"href":"https:\/\/alpinfo.ch\/en\/wp-json\/wp\/v2\/comments?post=6181"}],"version-history":[{"count":3,"href":"https:\/\/alpinfo.ch\/en\/wp-json\/wp\/v2\/pages\/6181\/revisions"}],"predecessor-version":[{"id":6263,"href":"https:\/\/alpinfo.ch\/en\/wp-json\/wp\/v2\/pages\/6181\/revisions\/6263"}],"up":[{"embeddable":true,"href":"https:\/\/alpinfo.ch\/en\/wp-json\/wp\/v2\/pages\/2099"}],"wp:attachment":[{"href":"https:\/\/alpinfo.ch\/en\/wp-json\/wp\/v2\/media?parent=6181"}],"curies":[{"name":"wp","href":"https:\/\/api.w.org\/{rel}","templated":true}]}}

<div class="rl-gallery-container rl-loading" id="rl-gallery-container-1" data-gallery_id="6205"> <div class="rl-gallery rl-basicgrid-gallery " id="rl-gallery-1" data-gallery_no="1"> <div class="rl-gallery-item"><a href="" style="cursor: default;" title="" data-rl_title="" class="rl-gallery-link" data-rl_caption="" data-rel="lightbox-gallery-1"><img loading="lazy" decoding="async" src="https://alpinfo.ch/wp-content/uploads/2023/04/logo-alpinfo.jpg" width="126" height="105" alt=""/></a></div><div class="rl-gallery-item"><a href="" style="cursor: default;" title="" data-rl_title="" class="rl-gallery-link" data-rl_caption="" data-rel="lightbox-gallery-1"><img loading="lazy" decoding="async" src="https://alpinfo.ch/wp-content/uploads/2023/04/scnat.jpg" width="232" height="79" alt=""/></a></div> </div> </div>
<h2>Mise au concours du<br />
PrixProMontes 2023</h2>
<h3><span style="color: #ff0000;">L&#8217;organisation du concours ProMontesPreis a été reportée à une date indéterminée.</span></h3>
<h3>Récompense des travaux de recherche sur l&#8217;avenir du paysage culturel alpin</h3>
<p><strong>La Fondation Suisse pour Recherches Alpines (FSRA)</strong>, en collaboration avec le <strong>Forum Paysage, Alpes, Parcs (FoLAP)</strong>, décerne des prix pour récompenser les réalisations exceptionnelles de jeunes chercheurs au sujet de l’avenir du paysage culturel alpin. Les biotopes en terre ouverte, qui abritent près d&#8217;un tiers de la flore et faune de l&#8217;arc alpin, sont particulièrement menacés par le reboisement. En outre, les multiples conséquences du changement climatique constituent aujourd&#8217;hui une menace fondamentale pour tous les habitats alpins. Les prix récompensent des travaux qui, d&#8217;une part, étudient les causes des modifications du paysage et, d&#8217;autre part, développent des méthodes pratiques pour réactiver la diversité des paysages.</p>
<p><strong>Mots-clés en rapport avec les travaux de recherche et les projets :</strong><br />
Biodiversité | Néobiotes | Prédateurs | Biotopes en terre ouverte | Pâturages d&#8217;estivage | Lutte contre le reboisement | Population | Régions périphériques | Exode | Travail à domicile | Service public | Mitage | &#8220;Métropoles alpines&#8221; | Réserves de biosphère | Réseau de chemins de randonnée pédestre | Sports de montagne | Chasse | Art | Culture-Tradition-Moderne | Tourisme | Agriculture | Paiements directs | Ecosystème-Services | Énergie | Transports | Changement climatique | Pergélisol | Périodes sèches | Recul des glaciers | Marges proglaciaires | Événements extrêmes | Plastique | Sols | Azote</p>
<p><strong>Candidature</strong><br />
Les candidatures sont ouvertes aux jeunes chercheurs des universités et des hautes écoles spécialisées ainsi qu&#8217;aux chercheurs privés et contractuels de Suisse ayant terminé leur thèse, leur travail de master ou leur projet sur mandat. Les projets doivent avoir un lien avec la Suisse. La limite d&#8217;âge est de 35 ans (des exceptions sont possibles). Les thèses ou travaux de master, rédigées en allemand, français ou anglais, doivent avoir été terminées entre septembre 2021 et septembre 2023. Les candidatures doivent être soumises avant le 31 août 2023 au moyen du formulaire disponible en ligne. Télécharger: <a href="https://alpinfo.ch/wp-content/uploads/2023/04/Formulaire-Candidature-PPM-2023_F-DEF.pdf" target="_blank" rel="noopener">Formulaire Candidature PPM 2023_F; DEF</a></p>
<p><strong>Sélection</strong><br />
Un jury composé de membres du Conseil de fondation du FSRA et d&#8217;experts du FOLAP sélectionnera 3 candidatures pour une présentation au symposium &#8220;Avenir des paysages culturels alpins&#8221; lors de <strong>la journée de la montagne, le 11 décembre 2023</strong>, au Musée Alpin Suisse, notre organisation partenaire à Berne.<br />
La sélection se fera sur la base des critères suivants:<br />
&#8211; Qualité scientifique des travaux,<br />
&#8211; Pertinence par rapport au thème des paysages culturels alpins,<br />
&#8211; Pertinence pour la pratique.<br />
Au cours du symposium, le gagnant (m/f) sera sélectionné parmi les nominés sur la base de la qualité de la présentation et le prix sera remis.</p>
<p><strong>Prix en argent</strong><br />
Le gagnant (m/f) recevra CHF 3000, les autres nominés recevront chacun CHF 1000.</p>
<p><strong>Contact / renseignements:</strong><br />
Fondation Suisse pour Recherches Alpines, Stadelhoferstrasse 42, CH-8001 Zurich<br />
Tél: +41-44-253 12 00 | Fax: +41-44-253 12 01 | E-mail: <a href="mailto:mail@alpinfo.ch">mail@alpinfo.ch</a></p>

<p>Mise au concours du PrixProMontes 2023 L&#8217;organisation du concours ProMontesPreis a été reportée à une date indéterminée. Récompense des travaux de recherche sur l&#8217;avenir du paysage culturel alpin La Fondation Suisse pour Recherches Alpines (FSRA), en collaboration avec le Forum Paysage, Alpes, Parcs (FoLAP), décerne des prix pour récompenser les réalisations exceptionnelles de jeunes chercheurs [&hellip;]</p>
