{"id":6193,"date":"2023-04-18T15:17:32","date_gmt":"2023-04-18T13:17:32","guid":{"rendered":"https:\/\/alpinfo.ch\/research\/current-projects\/projects\/prixpromontes-apercu\/"},"modified":"2023-04-18T15:17:32","modified_gmt":"2023-04-18T13:17:32","slug":"prixpromontes-apercu","status":"publish","type":"page","link":"https:\/\/alpinfo.ch\/en\/research\/current-projects\/projects\/prixpromontes-apercu\/","title":{"rendered":"PrixProMontes Aper\u00e7u"},"content":{"rendered":"<h2>PrixProMontes<\/h2>\n<h3>R\u00e9compense des travaux de recherche sur l&#8217;avenir des paysages culturels dans l&#8217;espace alpin<\/h3>\n<p><img loading=\"lazy\" decoding=\"async\" class=\"size-full wp-image-3341 alignleft\" src=\"https:\/\/alpinfo.ch\/wp-content\/uploads\/2021\/10\/PMP-Pokal-2021_01.jpeg\" alt=\"\" width=\"228\" height=\"500\" srcset=\"https:\/\/alpinfo.ch\/wp-content\/uploads\/2021\/10\/PMP-Pokal-2021_01.jpeg 228w, https:\/\/alpinfo.ch\/wp-content\/uploads\/2021\/10\/PMP-Pokal-2021_01-137x300.jpeg 137w\" sizes=\"auto, (max-width: 228px) 100vw, 228px\" \/><\/p>\n<p>La Fondation Suisse pour Recherches Alpines se sent oblig\u00e9e d&#8217;encourager la recherche pour assurer l&#8217;avenir des paysages culturels cr\u00e9\u00e9s par l&#8217;homme dans les r\u00e9gions de montagne, car ceux-ci, contrairement aux paysages naturels de pelouses, de for\u00eats et de marais, ne sont pas suffisamment pris en compte par les efforts \u00e9tablis de protection de la nature.<\/p>\n<p>Le 20e si\u00e8cle a \u00e9galement entra\u00een\u00e9 des bouleversements rapides dans l&#8217;espace alpin. Ainsi, la for\u00eat de montagne a certes pu se remettre en grande partie de la surexploitation du 19e si\u00e8cle et les pelouses de l&#8217;\u00e9tage alpin ont \u00e9galement profit\u00e9 des mesures de protection de la nature. D&#8217;autre part, le paysage rural traditionnel souffre des tendances de d\u00e9veloppement socio-\u00e9conomique des derni\u00e8res d\u00e9cennies. Le d\u00e9veloppement du tourisme et des transports a ouvert des perspectives de revenus pour la population de montagne, rendant l&#8217;entretien du paysage n\u00e9gligeable.<br \/>\nAinsi, les biotopes en terre ouverte \u2013 habitat d&#8217;un tiers de la biodiversit\u00e9 alpine \u2013 d\u00e9pendent pour le meilleur et pour le pire d&#8217;une agriculture \u00e9co-compatible. En effet, d&#8217;une part, l&#8217;intensification de l&#8217;agriculture sur les sites rentables entra\u00eene le d\u00e9clin des esp\u00e8ces. D&#8217;autre part, l\u00e0 o\u00f9 le manque d&#8217;emplois et de services publics pousse \u00e0 l&#8217;exode, l&#8217;abandon de l&#8217;exploitation entra\u00eene \u00e9galement un recul de la biodiversit\u00e9 en raison de la concurrence par le reboisement.<\/p>\n<p>Les cons\u00e9quences du changement climatique constituent sans doute le plus grand d\u00e9fi pour tous les paysages et formes de vie de l&#8217;espace alpin. Des p\u00e9riodes de hausse des temp\u00e9ratures, de recul des glaciers et de s\u00e9cheresse se sont certes produites \u00e0 plusieurs reprises au cours des derniers mill\u00e9naires de l&#8217;Holoc\u00e8ne. Mais le changement climatique de l&#8217;anthropoc\u00e8ne se caract\u00e9rise par une rapidit\u00e9 qui \u00e9quivaut \u00e0 une \u00e9norme pression d&#8217;adaptation pour les hommes, les animaux et les plantes dans un avenir proche.<\/p>\n<p>Assurer l&#8217;avenir des paysages culturels des Alpes n\u00e9cessite donc toute une s\u00e9rie de mesures, allant de la promotion de la recherche par l&#8217;\u00e9tat \u00e0 la pr\u00e9paration et par des engagements priv\u00e9s innovants jusqu&#8217; \u00e0 la pr\u00e9paration l\u00e9gislative. La Fondation Suisse pour Recherches Alpines esp\u00e8re pouvoir compl\u00e9ter ce faisceau de mesures par de nouvelles connaissances issues de la recherche de la rel\u00e8ve.<\/p>\n<p style=\"text-align: center;\">Tout \u00e0 fait dans l&#8217;esprit de l&#8217;objectif du PrixProMontes:<br \/>\nBiodiversit\u00e9 alpine plut\u00f4t que friche alpine!<\/p>\n<p><a title=\"ProMontesPreis 2021\" href=\"https:\/\/alpinfo.ch\/en\/research\/current-projects\/projects\/pro-montes-prize-2023\/\">ProMontesPreis 2023<\/a><br \/>\n<a title=\"PrixProMontes 2021\" href=\"https:\/\/alpinfo.ch\/en\/research\/current-projects\/projects\/prix-pro-montes-2023\/\">PrixProMontes 2023<\/a><\/p>\n<p><a title=\"ProMontesPreis 2021\" href=\"https:\/\/alpinfo.ch\/en\/research\/current-projects\/projects\/promontespreis-2021-2\/\">ProMontesPreis 2021<\/a><br \/>\n<a title=\"PrixProMontes 2021\" href=\"https:\/\/alpinfo.ch\/en\/research\/current-projects\/projects\/prix-pro-montes-2021\/\">PrixProMontes 2021<\/a><br \/>\n<a title=\"ProMontesPreis 2018\" href=\"https:\/\/alpinfo.ch\/en\/research\/current-projects\/projects\/promontesprize-2018\/\">ProMontesPreis 2018<\/a><br \/>\n<a title=\"ProMontesPreis 2016\" href=\"https:\/\/alpinfo.ch\/en\/research\/current-projects\/projects\/promontesprize-2016\/\">ProMontesPreis 2016<\/a><br \/>\n<a title=\"ProMontesPreis 2014\" href=\"https:\/\/alpinfo.ch\/en\/research\/current-projects\/projects\/promontesprize-2014\/\">ProMontesPreis 2014<\/a><br \/>\n<a title=\"ProMontesPreis 2012\" href=\"https:\/\/alpinfo.ch\/en\/research\/current-projects\/projects\/promontesprize-2012\/\">ProMontesPreis 2012<\/a><\/p>\n","protected":false},"excerpt":{"rendered":"<p>PrixProMontes R\u00e9compense des travaux de recherche sur l&#8217;avenir des paysages culturels dans l&#8217;espace alpin La Fondation Suisse pour Recherches Alpines se sent oblig\u00e9e d&#8217;encourager la recherche pour assurer l&#8217;avenir des paysages culturels cr\u00e9\u00e9s par l&#8217;homme dans les r\u00e9gions de montagne, car ceux-ci, contrairement aux paysages naturels de pelouses, de for\u00eats et de marais, ne sont [&hellip;]<\/p>\n","protected":false},"author":1,"featured_media":0,"parent":2099,"menu_order":0,"comment_status":"closed","ping_status":"closed","template":"template-expedition.php","meta":{"_acf_changed":false,"inline_featured_image":false,"footnotes":"","_links_to":"","_links_to_target":""},"class_list":["post-6193","page","type-page","status-publish","hentry"],"acf":[],"_links":{"self":[{"href":"https:\/\/alpinfo.ch\/en\/wp-json\/wp\/v2\/pages\/6193","targetHints":{"allow":["GET"]}}],"collection":[{"href":"https:\/\/alpinfo.ch\/en\/wp-json\/wp\/v2\/pages"}],"about":[{"href":"https:\/\/alpinfo.ch\/en\/wp-json\/wp\/v2\/types\/page"}],"author":[{"embeddable":true,"href":"https:\/\/alpinfo.ch\/en\/wp-json\/wp\/v2\/users\/1"}],"replies":[{"embeddable":true,"href":"https:\/\/alpinfo.ch\/en\/wp-json\/wp\/v2\/comments?post=6193"}],"version-history":[{"count":0,"href":"https:\/\/alpinfo.ch\/en\/wp-json\/wp\/v2\/pages\/6193\/revisions"}],"up":[{"embeddable":true,"href":"https:\/\/alpinfo.ch\/en\/wp-json\/wp\/v2\/pages\/2099"}],"wp:attachment":[{"href":"https:\/\/alpinfo.ch\/en\/wp-json\/wp\/v2\/media?parent=6193"}],"curies":[{"name":"wp","href":"https:\/\/api.w.org\/{rel}","templated":true}]}}

PrixProMontes Aperçu

<h2>PrixProMontes</h2>
<h3>Récompense des travaux de recherche sur l&#8217;avenir des paysages culturels dans l&#8217;espace alpin</h3>
<p><img loading="lazy" decoding="async" class="size-full wp-image-3341 alignleft" src="https://alpinfo.ch/wp-content/uploads/2021/10/PMP-Pokal-2021_01.jpeg" alt="" width="228" height="500" srcset="https://alpinfo.ch/wp-content/uploads/2021/10/PMP-Pokal-2021_01.jpeg 228w, https://alpinfo.ch/wp-content/uploads/2021/10/PMP-Pokal-2021_01-137x300.jpeg 137w" sizes="auto, (max-width: 228px) 100vw, 228px" /></p>
<p>La Fondation Suisse pour Recherches Alpines se sent obligée d&#8217;encourager la recherche pour assurer l&#8217;avenir des paysages culturels créés par l&#8217;homme dans les régions de montagne, car ceux-ci, contrairement aux paysages naturels de pelouses, de forêts et de marais, ne sont pas suffisamment pris en compte par les efforts établis de protection de la nature.</p>
<p>Le 20e siècle a également entraîné des bouleversements rapides dans l&#8217;espace alpin. Ainsi, la forêt de montagne a certes pu se remettre en grande partie de la surexploitation du 19e siècle et les pelouses de l&#8217;étage alpin ont également profité des mesures de protection de la nature. D&#8217;autre part, le paysage rural traditionnel souffre des tendances de développement socio-économique des dernières décennies. Le développement du tourisme et des transports a ouvert des perspectives de revenus pour la population de montagne, rendant l&#8217;entretien du paysage négligeable.<br />
Ainsi, les biotopes en terre ouverte – habitat d&#8217;un tiers de la biodiversité alpine – dépendent pour le meilleur et pour le pire d&#8217;une agriculture éco-compatible. En effet, d&#8217;une part, l&#8217;intensification de l&#8217;agriculture sur les sites rentables entraîne le déclin des espèces. D&#8217;autre part, là où le manque d&#8217;emplois et de services publics pousse à l&#8217;exode, l&#8217;abandon de l&#8217;exploitation entraîne également un recul de la biodiversité en raison de la concurrence par le reboisement.</p>
<p>Les conséquences du changement climatique constituent sans doute le plus grand défi pour tous les paysages et formes de vie de l&#8217;espace alpin. Des périodes de hausse des températures, de recul des glaciers et de sécheresse se sont certes produites à plusieurs reprises au cours des derniers millénaires de l&#8217;Holocène. Mais le changement climatique de l&#8217;anthropocène se caractérise par une rapidité qui équivaut à une énorme pression d&#8217;adaptation pour les hommes, les animaux et les plantes dans un avenir proche.</p>
<p>Assurer l&#8217;avenir des paysages culturels des Alpes nécessite donc toute une série de mesures, allant de la promotion de la recherche par l&#8217;état à la préparation et par des engagements privés innovants jusqu&#8217; à la préparation législative. La Fondation Suisse pour Recherches Alpines espère pouvoir compléter ce faisceau de mesures par de nouvelles connaissances issues de la recherche de la relève.</p>
<p style="text-align: center;">Tout à fait dans l&#8217;esprit de l&#8217;objectif du PrixProMontes:<br />
Biodiversité alpine plutôt que friche alpine!</p>
<p><a title="ProMontesPreis 2021" href="https://alpinfo.ch/en/research/current-projects/projects/pro-montes-prize-2023/">ProMontesPreis 2023</a><br />
<a title="PrixProMontes 2021" href="https://alpinfo.ch/en/research/current-projects/projects/prix-pro-montes-2023/">PrixProMontes 2023</a></p>
<p><a title="ProMontesPreis 2021" href="https://alpinfo.ch/en/research/current-projects/projects/promontespreis-2021-2/">ProMontesPreis 2021</a><br />
<a title="PrixProMontes 2021" href="https://alpinfo.ch/en/research/current-projects/projects/prix-pro-montes-2021/">PrixProMontes 2021</a><br />
<a title="ProMontesPreis 2018" href="https://alpinfo.ch/en/research/current-projects/projects/promontesprize-2018/">ProMontesPreis 2018</a><br />
<a title="ProMontesPreis 2016" href="https://alpinfo.ch/en/research/current-projects/projects/promontesprize-2016/">ProMontesPreis 2016</a><br />
<a title="ProMontesPreis 2014" href="https://alpinfo.ch/en/research/current-projects/projects/promontesprize-2014/">ProMontesPreis 2014</a><br />
<a title="ProMontesPreis 2012" href="https://alpinfo.ch/en/research/current-projects/projects/promontesprize-2012/">ProMontesPreis 2012</a></p>

<p>PrixProMontes Récompense des travaux de recherche sur l&#8217;avenir des paysages culturels dans l&#8217;espace alpin La Fondation Suisse pour Recherches Alpines se sent obligée d&#8217;encourager la recherche pour assurer l&#8217;avenir des paysages culturels créés par l&#8217;homme dans les régions de montagne, car ceux-ci, contrairement aux paysages naturels de pelouses, de forêts et de marais, ne sont [&hellip;]</p>
